ine w(14).
-8
Let j(g) = -79*g - 888. Determine j(-8).
-256
Let g(f) = 322*f**2 - 1935*f + 12. Determine g(6).
-6
Let h(g) = -g**3 + 65*g**2 - 127*g + 94. Give h(63).
31
Let j(u) = 3*u**3 - 61*u**2 - 29*u + 58. Calculate j(20).
-922
Let u(z) = -3*z**2 + 107*z - 292. Determine u(3).
2
Let h(p) = 2*p**3 - 170*p**2 - 13880*p - 410. Determine h(-51).
-2
Let n(i) = -550*i + 26430. What is n(48)?
30
Let v(u) = 13*u**3 - 51*u**2 + 2*u - 2. Calculate v(4).
22
Let h(q) = -q**3 - 18*q**2 - 21*q + 37. What is h(-17)?
105
Let r(y) = 232*y - 360. What is r(2)?
104
Let r(w) = 2*w**2 + 7*w - 70. Determine r(0).
-70
Let k(h) = 14*h**3 + 2*h**2 + 6*h + 5. Give k(-1).
-13
Let o(v) = -v**2 - 43*v - 87. Give o(-35).
193
Let n(d) = 3*d**3 - 34*d**2 - 2*d - 2. Give n(11).
-145
Let j(b) = -431*b + 1766. Give j(4).
42
Let v(b) = -b**3 - 27*b**2 + 128*b - 71. Determine v(-31).
-195
Let i(h) = -2*h**2 + 121*h + 796. Give i(65).
211
Let a(x) = -9*x**2 - 275*x + 66. Determine a(-31).
-58
Let t(q) = -13*q**2 - 820*q + 18. Determine t(-63).
81
Let p(d) = 27*d + 1872. Calculate p(-68).
36
Let l(m) = 2*m**2 - 83*m + 753. What is l(28)?
-3
Let p(n) = 3*n**2 - 74*n + 391. What is p(15)?
-44
Let z(w) = 358*w - 27. Give z(-2).
-743
Let x(s) = s**3 - 54*s**2 + 55*s - 84. Give x(53).
22
Let l(y) = 8*y**2 - 2*y + 20. Determine l(5).
210
Let q(n) = -26*n - 15. Give q(7).
-197
Let x(z) = -z**2 + 22*z + 64. Determine x(21).
85
Let f(s) = -496*s + 1176. What is f(2)?
184
Let l(x) = -7*x**3 + 129*x**2 - 55*x + 22. Give l(18).
4
Let z(r) = -4*r**2 - 15*r + 6. Calculate z(-11).
-313
Let q(f) = -4*f**2 + 246*f + 104. Determine q(61).
226
Let x(z) = z**2 - 29*z + 220. Give x(15).
10
Let x(t) = t**3 - 16*t**2 - 15*t - 22. Calculate x(17).
12
Let y(d) = -4*d**3 + 29*d**2 - 13*d + 39. Determine y(7).
-3
Let h(l) = 2*l**2 + 1125*l - 7979. What is h(7)?
-6
Let h(k) = -k**2 + 40*k - 371. Determine h(24).
13
Let m(h) = -38*h + 10. Give m(-1).
48
Let n(o) = -61*o**2 + 809*o - 16. Determine n(13).
192
Let n(g) = -3*g**2 - 41*g - 234. Give n(-10).
-124
Let u(c) = -15*c + 438. What is u(30)?
-12
Let j(a) = -a**3 + 7*a**2 - 11*a + 32. Determine j(3).
35
Let j(i) = 18*i**2 - 1114*i - 122. Calculate j(62).
2
Let s(x) = -x**3 - 3*x**2 - 247*x - 483. Give s(-2).
7
Let l(r) = -103*r - 1020. Calculate l(-8).
-196
Let i(d) = -2*d**3 - 190*d**2 - d - 2. Give i(-95).
93
Let k(u) = -8*u + 12. What is k(8)?
-52
Let b(w) = 58*w + 256. Calculate b(-9).
-266
Let j(x) = -x**3 + 15*x**2 - 47*x - 6. Calculate j(10).
24
Let r(y) = -3*y**2 - y + 16. What is r(-9)?
-218
Let d(o) = 2*o**2 - 29*o - 110. Calculate d(-3).
-5
Let f(b) = -35*b + 513. Give f(12).
93
Let l(x) = -2*x**2 + 90*x + 869. What is l(53)?
21
Let w(i) = -3*i**3 + 14*i**2 - 4*i - 1. Calculate w(4).
15
Let h(p) = 183*p - 327. Give h(3).
222
Let l(d) = -32*d + 645. Give l(20).
5
Let b(i) = -4*i**3 - 5*i**2 - 5*i. Calculate b(-2).
22
Let j(s) = s**2 - 73*s + 462. What is j(65)?
-58
Let n(p) = -14*p + 16. What is n(9)?
-110
Let q(a) = -378*a - 1906. What is q(-5)?
-16
Let z(i) = -2*i**2 + 53*i + 351. Give z(-17).
-1128
Let y(p) = -2*p**2 + 4*p - 22. Give y(3).
-28
Let d(c) = -80*c + 107. Calculate d(1).
27
Let y(g) = 1043*g - 3162. Determine y(3).
-33
Let j(a) = -84*a + 3805. What is j(47)?
-143
Let s(r) = 25*r**2 - 21*r + 1. What is s(2)?
59
Let k(t) = 124*t - 11937. Determine k(96).
-33
Let a(r) = -r - 108. Calculate a(-52).
-56
Let y(a) = -97*a + 3680. Determine y(38).
-6
Let z(j) = 394*j - 390. Give z(1).
4
Let n(s) = -3*s**2 - 154*s - 582. What is n(-4)?
-14
Let g(q) = -q**3 - 4*q**2 - 67*q + 4. Calculate g(5).
-556
Let r(h) = -h**3 + 15*h**2 + 155*h + 176. What is r(-6)?
2
Let c(n) = -n**3 - 36*n**2 - 37*n - 60. Calculate c(-35).
10
Let n(f) = 83*f + 6157. Calculate n(-74).
15
Let u(m) = -14*m**3 - 94*m**2 + 22*m - 110. Give u(-7).
-68
Let i(q) = -17*q**3 - 23*q**2 + 14*q + 2. What is i(-2)?
18
Let j(t) = -11*t**2 - 83*t + 7. Give j(-7).
49
Let u(a) = 74*a - 667. Give u(9).
-1
Let m(l) = -2*l**3 - 22*l**2 - 26*l - 76. What is m(-10)?
-16
Let a(j) = -126*j - 12358. Give a(-98).
-10
Let x(g) = 12*g**2 - 467*g - 25. Give x(39).
14
Let t(l) = -51*l + 595. Give t(11).
34
Let n(c) = 2*c**3 - 2*c**2 + 265*c - 812. Determine n(3).
19
Let h(j) = -j**2 + 274. Give h(18).
-50
Let a(k) = -3*k**2 + 1040*k + 4211. Give a(-4).
3
Let t(k) = 92*k + 5509. Determine t(-60).
-11
Let n(s) = -2*s**3 - 109*s**2 + 50*s - 248. Calculate n(-55).
27
Let m(s) = -33*s + 766. Calculate m(23).
7
Let s(j) = -j**3 + 10*j**2 - 27*j + 21. Give s(6).
3
Let f(q) = q**3 + 6*q**2 - 14*q - 24. Give f(-6).
60
Let s(i) = -2*i**3 - 367*i**2 - 1260*i - 42. Calculate s(-180).
-42
Let f(s) = 6*s**3 - s**2 - 9*s + 11. What is f(2)?
37
Let c(v) = v**2 - 30*v - 446. Give c(-12).
58
Let s(x) = 3*x**3 + 86*x**2 - 139*x - 594. What is s(-30)?
-24
Let c(g) = 27*g - 50. Calculate c(-4).
-158
Let w(d) = 76*d + 592. Give w(-12).
-320
Let x(s) = -8*s**2 - 381*s + 162. Determine x(-48).
18
Let g(r) = 5*r**3 + 73*r**2 + 60*r + 249. Determine g(-14).
-3
Let k(x) = -2*x**3 + 150*x**2 - 2048*x - 78. Give k(18).
-6
Let a(k) = -k**3 + 23*k**2 + 93*k - 54. Give a(27).
-459
Let z(b) = -4*b**2 + 108*b - 111. Give z(26).
-7
Let h(r) = -r**3 - 23*r**2 - 15*r - 61. Give h(-22).
-215
Let f(i) = 16*i - 216. Calculate f(18).
72
Let n(t) = -t**3 - 19*t**2 + 156*t + 158. Give n(-25).
8
Let k(g) = 2*g + 34. Determine k(-24).
-14
Let l(g) = 80*g - 640. Calculate l(8).
0
Let i(w) = w**2 + 78*w + 677. Give i(-68).
-3
Let z(c) = 2*c**2 - 91*c + 20. Give z(38).
-550
Let k(c) = -c**3 + 37*c**2 - 129*c + 18. Calculate k(4).
30
Let l(d) = 3*d**2 - 35*d - 24. Give l(16).
184
Let w(v) = -3*v**3 - 123*v**2 - v - 32. Calculate w(-41).
9
Let x(j) = 19*j - 19. Determine x(2).
19
Let l(p) = -p**2 + 22*p + 4. Calculate l(14).
116
Let m(k) = -5*k**2 - 14*k + 27. Calculate m(2).
-21
Let q(p) = 32*p + 675. Give q(-20).
35
Let u(d) = 3*d**2 - 18*d - 15. Determine u(-1).
6
Let p(z) = 3*z + 130. What is p(-53)?
-29
Let r(s) = -26*s - 424. What is r(-11)?
-138
Let i(b) = -4*b**2 - 32*b - 38. What is i(-8)?
-38
Let j(u) = 1116*u - 5585. Determine j(5).
-5
Let r(q) = q**2 - 36*q + 245. Give r(6).
65
Let y(i) = -i**3 - 10*i**2 - 57*i - 229. What is y(-6)?
-31
Let c(g) = 121*g**2 - 4*g + 2. Determine c(1).
119
Let j(g) = 4*g + 116. Calculate j(0).
116
Let b(s) = -3*s**2 - 41*s - 21. Determine b(-16).
-133
Let a(s) = -2*s**2 - 16*s + 22. Calculate a(4).
-74
Let k(a) = -a**2 - 31*a - 278. Calculate k(-17).
-40
Let b(x) = -6*x**2 - 10*x - 116. Give b(-8).
-420
Let d(h) = -h**2 - 9*h + 25. Give d(-8).
33
Let w(o) = -o**3 + 7*o**2 - 11*o + 89. Calculate w(6).
59
Let o(c) = 34*c + 572. Determine o(-16).
28
Let a(g) = 36*g - 348. Give a(9).
-24
Let v(t) = -4*t**3 + 47*t**2 - 34*t + 10. Give v(11).
-1
Let v(b) = -52*b - 419. Give v(-19).
569
Let u(b) = b - 65. Determine u(-6).
-71
Let x(r) = -8*r**2 - 6*r + 29. What is x(2)?
-15
Let j(o) = -5014*o + 35100. Give j(7).
2
Let o(v) = 51*v - 462. Determine o(10).
48
Let p(g) = 2*g**2 - 2249*g - 4503. Determine p(-2).
3
Let d(a) = 8*a + 69. Determine d(-15).
-51
Let s(l) = 1324*l + 11912. Calculate s(-9).
-4
Let i(v) = -v**3 - 54*v**2 + 435*v + 465. What is i(-61)?
-23
Let k(s) = s**3 + 26*s**2 + 27*s - 508. What is k(-24)?
-4
Let w(n) = 9*n**2 - 886*n - 1382. Determine w(100).
18
Let q(b) = b**3 - 179*b**2 + 1045*b - 1214. What is q(173)?
-3
Let n(c) = c**2 - 154*c + 3340. Calculate n(26).
12
Let w(q) = -q**3 - 5*q**2 - q + 1. Determine w(-2).
-9
Let q(m) = -m**3 - 15*m**2 - 8*m - 78. Determine q(-15).
42
Let u(q) = q - 457. Give u(-55).
-512
Let t(i) = 13*i**2 + 1421*i + 420. Determine t(-109).
-16
Let w(h) = h**3 + 36*h**2 + 126*h - 65. Calculate w(-32).
-1
Let i(q) = -2*q**3 - 19*q**2 - 23*q - 3. Calculate i(-7).
-87
Let a(j) = -43*j**2 + 419*j - 591. Give a(8).
9
Let v(o) = o**3 - 8*o**2 + o - 11. What is v(8)?
-3
Let f(p) = 3*p**2 + 52*p + 48. Give f(-16).
-16
Let j(u) = -u**3 - 2*u**2 + 2*u - 66. Calculate j(7).
-493
Let y(m) = 1040*m + 1083. Determine y(-1).
43
Let d(b) = b**3 - 13*b**2 + 37*b - 47. Calculate d(10).
23
Let h(a) = 70*a**2 + 4198*a - 139. Give h(-60).
-19
Let t(x) = -662*x - 1989. What is t(-3)?
-3
Let i(a) = -9*a + 111. Give i(12).
3
Let d(m) = -12*m**3 + 4*m**2 - 121*m + 120. What is d(1)?